{"id":987497872,"date":"2011-04-30T15:59:32","date_gmt":"2011-04-30T13:59:32","guid":{"rendered":"https:\/\/johanneswatschinger.it\/project\/museum-rudolf-stolz-sexten\/"},"modified":"2024-07-30T13:46:44","modified_gmt":"2024-07-30T11:46:44","slug":"museo-rudolf-stolz-sesto","status":"publish","type":"project","link":"https:\/\/www.johanneswatschinger.it\/it\/project\/museo-rudolf-stolz-sesto\/","title":{"rendered":"Museo Rudolf Stolz a Sesto"},"content":{"rendered":"<p>[et_pb_section fb_built=&#8221;1&#8243; fullwidth=&#8221;on&#8221; disabled_on=&#8221;off|off|off&#8221; _builder_version=&#8221;4.27.0&#8243; _module_preset=&#8221;default&#8221; locked=&#8221;off&#8221; global_colors_info=&#8221;{}&#8221;][et_pb_fullwidth_image alt=&#8221;Sanierung Haus Wassermann, Sexten (2018\u20132021, 2023): Hauptfassade St. Veit-Weg. Architekt Johannes Watschinger.&#8221; title_text=&#8221;Sanierung Haus Wassermann, Sexten (2018\u20132021, 2023): Hauptfassade St. Veit-Weg. Architekt Johannes Watschinger.&#8221; _builder_version=&#8221;4.27.0&#8243; _dynamic_attributes=&#8221;background_image&#8221; _module_preset=&#8221;default&#8221; background_image=&#8221;@ET-DC@eyJkeW5hbWljIjp0cnVlLCJjb250ZW50IjoicG9zdF9mZWF0dXJlZF9pbWFnZSIsInNldHRpbmdzIjp7fX0=@&#8221; parallax=&#8221;on&#8221; height=&#8221;100vh&#8221; global_colors_info=&#8221;{}&#8221;][\/et_pb_fullwidth_image][\/et_pb_section][et_pb_section fb_built=&#8221;1&#8243; fullwidth=&#8221;on&#8221; disabled_on=&#8221;on|on|on&#8221; _builder_version=&#8221;4.27.0&#8243; _module_preset=&#8221;default&#8221; custom_margin=&#8221;70px||||false|false&#8221; custom_padding=&#8221;|5%||5%|false|false&#8221; disabled=&#8221;on&#8221; global_colors_info=&#8221;{}&#8221;][et_pb_nextend_smart_slider_3_fullwidth slider=&#8221;31&#8243; _builder_version=&#8221;4.27.0&#8243; _module_preset=&#8221;default&#8221; global_colors_info=&#8221;{}&#8221;][\/et_pb_nextend_smart_slider_3_fullwidth][\/et_pb_section][et_pb_section fb_built=&#8221;1&#8243; custom_padding_last_edited=&#8221;on|phone&#8221; admin_label=&#8221;Text&#8221; module_id=&#8221;v12&#8243; module_class=&#8221;olena_content_12&#8243; _builder_version=&#8221;4.25.1&#8243; _module_preset=&#8221;default&#8221; custom_padding=&#8221;100px||100px||false|false&#8221; custom_padding_tablet=&#8221;60px||60px||true|false&#8221; custom_padding_phone=&#8221;40px||40px||true|false&#8221; locked=&#8221;off&#8221; collapsed=&#8221;off&#8221; global_colors_info=&#8221;{%22gcid-8544a4e2-27b8-420a-83de-1cee04f2fb29%22:%91%22background_color%22%93}&#8221;][et_pb_row _builder_version=&#8221;4.25.1&#8243; _module_preset=&#8221;default&#8221; width=&#8221;90%&#8221; max_width=&#8221;1170px&#8221; global_colors_info=&#8221;{}&#8221;][et_pb_column type=&#8221;4_4&#8243; _builder_version=&#8221;4.25.1&#8243; _module_preset=&#8221;default&#8221; global_colors_info=&#8221;{}&#8221;][et_pb_text admin_label=&#8221;Category&#8221; _builder_version=&#8221;4.27.0&#8243; _dynamic_attributes=&#8221;content&#8221; _module_preset=&#8221;eed94127-192e-43af-bd2a-f039d9816086&#8243; global_colors_info=&#8221;{}&#8221;]@ET-DC@eyJkeW5hbWljIjp0cnVlLCJjb250ZW50IjoicG9zdF9jYXRlZ29yaWVzIiwic2V0dGluZ3MiOnsiYmVmb3JlIjoiIiwiYWZ0ZXIiOiIiLCJsaW5rX3RvX3Rlcm1fcGFnZSI6Im9mZiIsInNlcGFyYXRvciI6IiB8ICIsImNhdGVnb3J5X3R5cGUiOiJwcm9qZWN0X2NhdGVnb3J5In19@[\/et_pb_text][et_pb_heading title=&#8221;@ET-DC@eyJkeW5hbWljIjp0cnVlLCJjb250ZW50IjoicG9zdF90aXRsZSIsInNldHRpbmdzIjp7ImJlZm9yZSI6IiIsImFmdGVyIjoiIn19@&#8221; _builder_version=&#8221;4.25.1&#8243; _dynamic_attributes=&#8221;title&#8221; _module_preset=&#8221;67cfa00c-7bf9-4ae4-b944-294ee7cdeeb6&#8243; global_colors_info=&#8221;{}&#8221;][\/et_pb_heading][\/et_pb_column][\/et_pb_row][et_pb_row column_structure=&#8221;1_3,2_3&#8243; disabled_on=&#8221;off|off|off&#8221; _builder_version=&#8221;4.27.0&#8243; _module_preset=&#8221;737a2aaa-7e5c-4d5d-ba0d-f3cebd4e5188&#8243; locked=&#8221;off&#8221; global_colors_info=&#8221;{}&#8221;][et_pb_column type=&#8221;1_3&#8243; _builder_version=&#8221;4.25.1&#8243; _module_preset=&#8221;default&#8221; global_colors_info=&#8221;{}&#8221;][et_pb_text _builder_version=&#8221;4.27.0&#8243; _module_preset=&#8221;2fba5e8f-7208-4cd4-8b97-047276c7d686&#8243; locked=&#8221;off&#8221; global_colors_info=&#8221;{}&#8221;]Luogo: Sesto<br \/>\nCliente: Comune di Sesto<br \/>\nAnni di realizzazione: 2010 \u2013 2011<br \/>\nArea: 510 m\u00b2 ca.<br \/>\nProgettista: Arch. Johannes Watschinger<br \/>\nFoto: \u00a9 Johannes Watschinger[\/et_pb_text][\/et_pb_column][et_pb_column type=&#8221;2_3&#8243; _builder_version=&#8221;4.25.1&#8243; _module_preset=&#8221;default&#8221; global_colors_info=&#8221;{}&#8221;][et_pb_nextend_smart_slider_3_fullwidth slider=&#8221;31&#8243; _builder_version=&#8221;4.27.0&#8243; _module_preset=&#8221;default&#8221; locked=&#8221;off&#8221; global_colors_info=&#8221;{}&#8221;][\/et_pb_nextend_smart_slider_3_fullwidth][\/et_pb_column][\/et_pb_row][et_pb_row column_structure=&#8221;2_3,1_3&#8243; disabled_on=&#8221;off|off|off&#8221; _builder_version=&#8221;4.27.0&#8243; _module_preset=&#8221;737a2aaa-7e5c-4d5d-ba0d-f3cebd4e5188&#8243; locked=&#8221;off&#8221; global_colors_info=&#8221;{}&#8221;][et_pb_column type=&#8221;2_3&#8243; _builder_version=&#8221;4.25.1&#8243; _module_preset=&#8221;default&#8221; global_colors_info=&#8221;{}&#8221;][et_pb_text _builder_version=&#8221;4.27.0&#8243; _module_preset=&#8221;34568567-795e-4173-9055-a8c90cd008e4&#8243; hover_enabled=&#8221;0&#8243; global_colors_info=&#8221;{}&#8221; sticky_enabled=&#8221;0&#8243;]<\/p>\n<h2>Descrizione del progetto<\/h2>\n<p>L&#8217;edificio del Museo Rudolf Stolz \u00e8 stato eretto nel centro di Sesto tra il 1965 e il 1967 su progetto dell&#8217;architetto Erich Pattis e inaugurato nel 1969. Ospita opere dell&#8217;artista Rudolf Stolz e di suo fratello Albert Stolz e presenta ogni anno mostre speciali.<\/p>\n<p>Negli anni 2010 e 2011 iIl museo \u00e8 stato ampiamente ristrutturato e ampliato. La sala principale al primo piano \u00e8 stata dotata di un nuovo soffitto acustico con illuminazione integrata ed \u00e8 stata installata una nuova galleria. Un appartamento esistente al 2\u00b0 piano \u00e8 stato annesso al museo. Qui sono stati ricavati un&#8217;ulteriore sala espositiva e i necessari locali di stoccaggio e deposito. Nel corso dei lavori di ristrutturazione \u00e8 stata rinnovata e riorganizzata anche la presentazione delle opere d\u2019arte.[\/et_pb_text][\/et_pb_column][et_pb_column type=&#8221;1_3&#8243; _builder_version=&#8221;4.25.1&#8243; _module_preset=&#8221;default&#8221; global_colors_info=&#8221;{}&#8221;][\/et_pb_column][\/et_pb_row][et_pb_row column_structure=&#8221;1_3,2_3&#8243; disabled_on=&#8221;on|on|on&#8221; _builder_version=&#8221;4.27.0&#8243; _module_preset=&#8221;737a2aaa-7e5c-4d5d-ba0d-f3cebd4e5188&#8243; disabled=&#8221;on&#8221; global_colors_info=&#8221;{}&#8221;][et_pb_column type=&#8221;1_3&#8243; _builder_version=&#8221;4.25.1&#8243; _module_preset=&#8221;default&#8221; global_colors_info=&#8221;{}&#8221;][et_pb_text _builder_version=&#8221;4.27.0&#8243; _module_preset=&#8221;2fba5e8f-7208-4cd4-8b97-047276c7d686&#8243; locked=&#8221;off&#8221; global_colors_info=&#8221;{}&#8221;]Luogo: Sesto<br \/>\nCliente: Comune di Sesto<br \/>\nAnni di realizzazione: 2010 \u2013 2011<br \/>\nArea: 510 m\u00b2 ca.<br \/>\nProgettista: Arch. Johannes Watschinger<br \/>\nFoto: \u00a9 Johannes Watschinger[\/et_pb_text][\/et_pb_column][et_pb_column type=&#8221;2_3&#8243; _builder_version=&#8221;4.25.1&#8243; _module_preset=&#8221;default&#8221; global_colors_info=&#8221;{}&#8221;][et_pb_text _builder_version=&#8221;4.27.0&#8243; _module_preset=&#8221;34568567-795e-4173-9055-a8c90cd008e4&#8243; hover_enabled=&#8221;0&#8243; global_colors_info=&#8221;{}&#8221; sticky_enabled=&#8221;0&#8243;]<\/p>\n<h2>Descrizione del progetto<\/h2>\n<p>L&#8217;edificio del Museo Rudolf Stolz \u00e8 stato eretto nel centro di Sesto tra il 1965 e il 1967 su progetto dell&#8217;architetto Erich Pattis e inaugurato nel 1969. Ospita opere dell&#8217;artista Rudolf Stolz e di suo fratello Albert Stolz e presenta ogni anno mostre speciali.<\/p>\n<p>Negli anni 2010 e 2011 iIl museo \u00e8 stato ampiamente ristrutturato e ampliato. La sala principale al primo piano \u00e8 stata dotata di un nuovo soffitto acustico con illuminazione integrata ed \u00e8 stata installata una nuova galleria. Un appartamento esistente al 2\u00b0 piano \u00e8 stato annesso al museo. Qui sono stati ricavati un&#8217;ulteriore sala espositiva e i necessari locali di stoccaggio e deposito. Nel corso dei lavori di ristrutturazione \u00e8 stata rinnovata e riorganizzata anche la presentazione delle opere d\u2019arte.[\/et_pb_text][\/et_pb_column][\/et_pb_row][et_pb_row column_structure=&#8221;1_3,2_3&#8243; _builder_version=&#8221;4.25.1&#8243; _module_preset=&#8221;default&#8221; width=&#8221;90%&#8221; max_width=&#8221;1170px&#8221; global_colors_info=&#8221;{}&#8221;][et_pb_column type=&#8221;1_3&#8243; _builder_version=&#8221;4.25.1&#8243; _module_preset=&#8221;default&#8221; global_colors_info=&#8221;{}&#8221;][et_pb_button button_url=&#8221;@ET-DC@eyJkeW5hbWljIjp0cnVlLCJjb250ZW50IjoicG9zdF9saW5rX3VybF9wYWdlIiwic2V0dGluZ3MiOnsicG9zdF9pZCI6IjM5MDY1NiJ9fQ==@&#8221; button_text=&#8221;Torna alla panoramica&#8221; _builder_version=&#8221;4.27.0&#8243; _dynamic_attributes=&#8221;button_url&#8221; _module_preset=&#8221;99339e89-584a-47ff-ba39-d0ff6d2aaa7b&#8221; global_module=&#8221;987496581&#8243; saved_tabs=&#8221;all&#8221; global_colors_info=&#8221;{}&#8221;][\/et_pb_button][\/et_pb_column][et_pb_column type=&#8221;2_3&#8243; _builder_version=&#8221;4.25.1&#8243; _module_preset=&#8221;default&#8221; global_colors_info=&#8221;{}&#8221;][\/et_pb_column][\/et_pb_row][\/et_pb_section]<\/p>\n","protected":false},"excerpt":{"rendered":"<p>Luogo: Sesto Cliente: Comune di Sesto Anni di realizzazione: 2010 \u2013 2011 Area: 510 m\u00b2 ca. Progettista: Arch. Johannes Watschinger Foto: \u00a9 Johannes WatschingerDescrizione del progetto L&#8217;edificio del Museo Rudolf Stolz \u00e8 stato eretto nel centro di Sesto tra il 1965 e il 1967 su progetto dell&#8217;architetto Erich Pattis e inaugurato nel 1969. Ospita opere [&hellip;]<\/p>\n","protected":false},"author":2,"featured_media":987497193,"comment_status":"open","ping_status":"closed","template":"","meta":{"_et_pb_use_builder":"on","_et_pb_old_content":"","_et_gb_content_width":"","rank_math_lock_modified_date":false,"footnotes":""},"project_category":[43,44],"project_tag":[],"class_list":["post-987497872","project","type-project","status-publish","has-post-thumbnail","hentry","project_category-ristrutturazioni","project_category-pubblici"],"acf":[],"_links":{"self":[{"href":"https:\/\/www.johanneswatschinger.it\/it\/wp-json\/wp\/v2\/project\/987497872"}],"collection":[{"href":"https:\/\/www.johanneswatschinger.it\/it\/wp-json\/wp\/v2\/project"}],"about":[{"href":"https:\/\/www.johanneswatschinger.it\/it\/wp-json\/wp\/v2\/types\/project"}],"author":[{"embeddable":true,"href":"https:\/\/www.johanneswatschinger.it\/it\/wp-json\/wp\/v2\/users\/2"}],"replies":[{"embeddable":true,"href":"https:\/\/www.johanneswatschinger.it\/it\/wp-json\/wp\/v2\/comments?post=987497872"}],"version-history":[{"count":10,"href":"https:\/\/www.johanneswatschinger.it\/it\/wp-json\/wp\/v2\/project\/987497872\/revisions"}],"predecessor-version":[{"id":987498611,"href":"https:\/\/www.johanneswatschinger.it\/it\/wp-json\/wp\/v2\/project\/987497872\/revisions\/987498611"}],"wp:featuredmedia":[{"embeddable":true,"href":"https:\/\/www.johanneswatschinger.it\/it\/wp-json\/wp\/v2\/media\/987497193"}],"wp:attachment":[{"href":"https:\/\/www.johanneswatschinger.it\/it\/wp-json\/wp\/v2\/media?parent=987497872"}],"wp:term":[{"taxonomy":"project_category","embeddable":true,"href":"https:\/\/www.johanneswatschinger.it\/it\/wp-json\/wp\/v2\/project_category?post=987497872"},{"taxonomy":"project_tag","embeddable":true,"href":"https:\/\/www.johanneswatschinger.it\/it\/wp-json\/wp\/v2\/project_tag?post=987497872"}],"curies":[{"name":"wp","href":"https:\/\/api.w.org\/{rel}","templated":true}]}}

<p>[et_pb_section fb_built=&#8221;1&#8243; fullwidth=&#8221;on&#8221; disabled_on=&#8221;off|off|off&#8221; _builder_version=&#8221;4.27.0&#8243; _module_preset=&#8221;default&#8221; locked=&#8221;off&#8221; global_colors_info=&#8221;{}&#8221;][et_pb_fullwidth_image alt=&#8221;Sanierung Haus Wassermann, Sexten (2018–2021, 2023): Hauptfassade St. Veit-Weg. Architekt Johannes Watschinger.&#8221; title_text=&#8221;Sanierung Haus Wassermann, Sexten (2018–2021, 2023): Hauptfassade St. Veit-Weg. Architekt Johannes Watschinger.&#8221; _builder_version=&#8221;4.27.0&#8243; _dynamic_attributes=&#8221;background_image&#8221; _module_preset=&#8221;default&#8221; background_image=&#8221;@ET-DC@eyJkeW5hbWljIjp0cnVlLCJjb250ZW50IjoicG9zdF9mZWF0dXJlZF9pbWFnZSIsInNldHRpbmdzIjp7fX0=@&#8221; parallax=&#8221;on&#8221; height=&#8221;100vh&#8221; global_colors_info=&#8221;{}&#8221;][/et_pb_fullwidth_image][/et_pb_section][et_pb_section fb_built=&#8221;1&#8243; fullwidth=&#8221;on&#8221; disabled_on=&#8221;on|on|on&#8221; _builder_version=&#8221;4.27.0&#8243; _module_preset=&#8221;default&#8221; custom_margin=&#8221;70px||||false|false&#8221; custom_padding=&#8221;|5%||5%|false|false&#8221; disabled=&#8221;on&#8221; global_colors_info=&#8221;{}&#8221;][et_pb_nextend_smart_slider_3_fullwidth slider=&#8221;31&#8243; _builder_version=&#8221;4.27.0&#8243; _module_preset=&#8221;default&#8221; global_colors_info=&#8221;{}&#8221;][/et_pb_nextend_smart_slider_3_fullwidth][/et_pb_section][et_pb_section fb_built=&#8221;1&#8243; custom_padding_last_edited=&#8221;on|phone&#8221; admin_label=&#8221;Text&#8221; module_id=&#8221;v12&#8243; module_class=&#8221;olena_content_12&#8243; _builder_version=&#8221;4.25.1&#8243; _module_preset=&#8221;default&#8221; custom_padding=&#8221;100px||100px||false|false&#8221; custom_padding_tablet=&#8221;60px||60px||true|false&#8221; custom_padding_phone=&#8221;40px||40px||true|false&#8221; locked=&#8221;off&#8221; collapsed=&#8221;off&#8221; global_colors_info=&#8221;{%22gcid-8544a4e2-27b8-420a-83de-1cee04f2fb29%22:%91%22background_color%22%93}&#8221;][et_pb_row _builder_version=&#8221;4.25.1&#8243; _module_preset=&#8221;default&#8221; width=&#8221;90%&#8221; max_width=&#8221;1170px&#8221; global_colors_info=&#8221;{}&#8221;][et_pb_column type=&#8221;4_4&#8243; _builder_version=&#8221;4.25.1&#8243; _module_preset=&#8221;default&#8221; global_colors_info=&#8221;{}&#8221;][et_pb_text admin_label=&#8221;Category&#8221; _builder_version=&#8221;4.27.0&#8243; _dynamic_attributes=&#8221;content&#8221; _module_preset=&#8221;eed94127-192e-43af-bd2a-f039d9816086&#8243; global_colors_info=&#8221;{}&#8221;]@ET-DC@eyJkeW5hbWljIjp0cnVlLCJjb250ZW50IjoicG9zdF9jYXRlZ29yaWVzIiwic2V0dGluZ3MiOnsiYmVmb3JlIjoiIiwiYWZ0ZXIiOiIiLCJsaW5rX3RvX3Rlcm1fcGFnZSI6Im9mZiIsInNlcGFyYXRvciI6IiB8ICIsImNhdGVnb3J5X3R5cGUiOiJwcm9qZWN0X2NhdGVnb3J5In19@[/et_pb_text][et_pb_heading title=&#8221;@ET-DC@eyJkeW5hbWljIjp0cnVlLCJjb250ZW50IjoicG9zdF90aXRsZSIsInNldHRpbmdzIjp7ImJlZm9yZSI6IiIsImFmdGVyIjoiIn19@&#8221; _builder_version=&#8221;4.25.1&#8243; _dynamic_attributes=&#8221;title&#8221; _module_preset=&#8221;67cfa00c-7bf9-4ae4-b944-294ee7cdeeb6&#8243; global_colors_info=&#8221;{}&#8221;][/et_pb_heading][/et_pb_column][/et_pb_row][et_pb_row column_structure=&#8221;1_3,2_3&#8243; disabled_on=&#8221;off|off|off&#8221; _builder_version=&#8221;4.27.0&#8243; _module_preset=&#8221;737a2aaa-7e5c-4d5d-ba0d-f3cebd4e5188&#8243; locked=&#8221;off&#8221; global_colors_info=&#8221;{}&#8221;][et_pb_column type=&#8221;1_3&#8243; _builder_version=&#8221;4.25.1&#8243; _module_preset=&#8221;default&#8221; global_colors_info=&#8221;{}&#8221;][et_pb_text _builder_version=&#8221;4.27.0&#8243; _module_preset=&#8221;2fba5e8f-7208-4cd4-8b97-047276c7d686&#8243; locked=&#8221;off&#8221; global_colors_info=&#8221;{}&#8221;]Luogo: Sesto<br />
Cliente: Comune di Sesto<br />
Anni di realizzazione: 2010 – 2011<br />
Area: 510 m² ca.<br />
Progettista: Arch. Johannes Watschinger<br />
Foto: © Johannes Watschinger[/et_pb_text][/et_pb_column][et_pb_column type=&#8221;2_3&#8243; _builder_version=&#8221;4.25.1&#8243; _module_preset=&#8221;default&#8221; global_colors_info=&#8221;{}&#8221;][et_pb_nextend_smart_slider_3_fullwidth slider=&#8221;31&#8243; _builder_version=&#8221;4.27.0&#8243; _module_preset=&#8221;default&#8221; locked=&#8221;off&#8221; global_colors_info=&#8221;{}&#8221;][/et_pb_nextend_smart_slider_3_fullwidth][/et_pb_column][/et_pb_row][et_pb_row column_structure=&#8221;2_3,1_3&#8243; disabled_on=&#8221;off|off|off&#8221; _builder_version=&#8221;4.27.0&#8243; _module_preset=&#8221;737a2aaa-7e5c-4d5d-ba0d-f3cebd4e5188&#8243; locked=&#8221;off&#8221; global_colors_info=&#8221;{}&#8221;][et_pb_column type=&#8221;2_3&#8243; _builder_version=&#8221;4.25.1&#8243; _module_preset=&#8221;default&#8221; global_colors_info=&#8221;{}&#8221;][et_pb_text _builder_version=&#8221;4.27.0&#8243; _module_preset=&#8221;34568567-795e-4173-9055-a8c90cd008e4&#8243; hover_enabled=&#8221;0&#8243; global_colors_info=&#8221;{}&#8221; sticky_enabled=&#8221;0&#8243;]</p>
<h2>Descrizione del progetto</h2>
<p>L&#8217;edificio del Museo Rudolf Stolz è stato eretto nel centro di Sesto tra il 1965 e il 1967 su progetto dell&#8217;architetto Erich Pattis e inaugurato nel 1969. Ospita opere dell&#8217;artista Rudolf Stolz e di suo fratello Albert Stolz e presenta ogni anno mostre speciali.</p>
<p>Negli anni 2010 e 2011 iIl museo è stato ampiamente ristrutturato e ampliato. La sala principale al primo piano è stata dotata di un nuovo soffitto acustico con illuminazione integrata ed è stata installata una nuova galleria. Un appartamento esistente al 2° piano è stato annesso al museo. Qui sono stati ricavati un&#8217;ulteriore sala espositiva e i necessari locali di stoccaggio e deposito. Nel corso dei lavori di ristrutturazione è stata rinnovata e riorganizzata anche la presentazione delle opere d’arte.[/et_pb_text][/et_pb_column][et_pb_column type=&#8221;1_3&#8243; _builder_version=&#8221;4.25.1&#8243; _module_preset=&#8221;default&#8221; global_colors_info=&#8221;{}&#8221;][/et_pb_column][/et_pb_row][et_pb_row column_structure=&#8221;1_3,2_3&#8243; disabled_on=&#8221;on|on|on&#8221; _builder_version=&#8221;4.27.0&#8243; _module_preset=&#8221;737a2aaa-7e5c-4d5d-ba0d-f3cebd4e5188&#8243; disabled=&#8221;on&#8221; global_colors_info=&#8221;{}&#8221;][et_pb_column type=&#8221;1_3&#8243; _builder_version=&#8221;4.25.1&#8243; _module_preset=&#8221;default&#8221; global_colors_info=&#8221;{}&#8221;][et_pb_text _builder_version=&#8221;4.27.0&#8243; _module_preset=&#8221;2fba5e8f-7208-4cd4-8b97-047276c7d686&#8243; locked=&#8221;off&#8221; global_colors_info=&#8221;{}&#8221;]Luogo: Sesto<br />
Cliente: Comune di Sesto<br />
Anni di realizzazione: 2010 – 2011<br />
Area: 510 m² ca.<br />
Progettista: Arch. Johannes Watschinger<br />
Foto: © Johannes Watschinger[/et_pb_text][/et_pb_column][et_pb_column type=&#8221;2_3&#8243; _builder_version=&#8221;4.25.1&#8243; _module_preset=&#8221;default&#8221; global_colors_info=&#8221;{}&#8221;][et_pb_text _builder_version=&#8221;4.27.0&#8243; _module_preset=&#8221;34568567-795e-4173-9055-a8c90cd008e4&#8243; hover_enabled=&#8221;0&#8243; global_colors_info=&#8221;{}&#8221; sticky_enabled=&#8221;0&#8243;]</p>
<h2>Descrizione del progetto</h2>
<p>L&#8217;edificio del Museo Rudolf Stolz è stato eretto nel centro di Sesto tra il 1965 e il 1967 su progetto dell&#8217;architetto Erich Pattis e inaugurato nel 1969. Ospita opere dell&#8217;artista Rudolf Stolz e di suo fratello Albert Stolz e presenta ogni anno mostre speciali.</p>
<p>Negli anni 2010 e 2011 iIl museo è stato ampiamente ristrutturato e ampliato. La sala principale al primo piano è stata dotata di un nuovo soffitto acustico con illuminazione integrata ed è stata installata una nuova galleria. Un appartamento esistente al 2° piano è stato annesso al museo. Qui sono stati ricavati un&#8217;ulteriore sala espositiva e i necessari locali di stoccaggio e deposito. Nel corso dei lavori di ristrutturazione è stata rinnovata e riorganizzata anche la presentazione delle opere d’arte.[/et_pb_text][/et_pb_column][/et_pb_row][et_pb_row column_structure=&#8221;1_3,2_3&#8243; _builder_version=&#8221;4.25.1&#8243; _module_preset=&#8221;default&#8221; width=&#8221;90%&#8221; max_width=&#8221;1170px&#8221; global_colors_info=&#8221;{}&#8221;][et_pb_column type=&#8221;1_3&#8243; _builder_version=&#8221;4.25.1&#8243; _module_preset=&#8221;default&#8221; global_colors_info=&#8221;{}&#8221;][et_pb_button button_url=&#8221;@ET-DC@eyJkeW5hbWljIjp0cnVlLCJjb250ZW50IjoicG9zdF9saW5rX3VybF9wYWdlIiwic2V0dGluZ3MiOnsicG9zdF9pZCI6IjM5MDY1NiJ9fQ==@&#8221; button_text=&#8221;Torna alla panoramica&#8221; _builder_version=&#8221;4.27.0&#8243; _dynamic_attributes=&#8221;button_url&#8221; _module_preset=&#8221;99339e89-584a-47ff-ba39-d0ff6d2aaa7b&#8221; global_module=&#8221;987496581&#8243; saved_tabs=&#8221;all&#8221; global_colors_info=&#8221;{}&#8221;][/et_pb_button][/et_pb_column][et_pb_column type=&#8221;2_3&#8243; _builder_version=&#8221;4.25.1&#8243; _module_preset=&#8221;default&#8221; global_colors_info=&#8221;{}&#8221;][/et_pb_column][/et_pb_row][/et_pb_section]</p>

<p>Luogo: Sesto Cliente: Comune di Sesto Anni di realizzazione: 2010 – 2011 Area: 510 m² ca. Progettista: Arch. Johannes Watschinger Foto: © Johannes WatschingerDescrizione del progetto L&#8217;edificio del Museo Rudolf Stolz è stato eretto nel centro di Sesto tra il 1965 e il 1967 su progetto dell&#8217;architetto Erich Pattis e inaugurato nel 1969. Ospita opere [&hellip;]</p>
